 highest common divisor of 64 and 14656.
64
Calculate the greatest common divisor of 15 and 285.
15
What is the greatest common divisor of 34 and 969?
17
What is the highest common factor of 66 and 3762?
66
What is the greatest common factor of 4 and 1?
1
What is the highest common factor of 175 and 140?
35
What is the greatest common divisor of 92 and 8?
4
Calculate the highest common divisor of 57 and 76.
19
What is the greatest common factor of 9 and 702?
9
Calculate the highest common divisor of 694 and 3.
1
What is the highest common divisor of 53690 and 140?
70
Calculate the highest common divisor of 1008 and 63.
63
Calculate the greatest common divisor of 264 and 5192.
88
Calculate the highest common factor of 130 and 338.
26
Calculate the highest common factor of 44 and 188.
4
Calculate the highest common factor of 14 and 1533.
7
Calculate the greatest common divisor of 28 and 10101.
7
What is the greatest common divisor of 301 and 6966?
43
What is the greatest common divisor of 2225 and 178?
89
Calculate the highest common divisor of 5 and 1.
1
What is the greatest common divisor of 63 and 21?
21
Calculate the highest common divisor of 121 and 33.
11
What is the highest common factor of 696 and 120?
24
Calculate the greatest common divisor of 170 and 250.
10
Calculate the highest common divisor of 450 and 3750.
150
Calculate the highest common divisor of 284 and 71.
71
Calculate the highest common factor of 77 and 264.
11
Calculate the greatest common divisor of 9 and 508.
1
Calculate the greatest common divisor of 4699 and 1397.
127
What is the highest common divisor of 27 and 12?
3
Calculate the highest common divisor of 25594 and 134.
134
Calculate the greatest common factor of 5 and 35.
5
Calculate the greatest common factor of 19 and 2280.
19
What is the greatest common divisor of 328 and 1558?
82
Calculate the greatest common divisor of 1037 and 122.
61
Calculate the highest common divisor of 210 and 938.
14
What is the highest common divisor of 8577 and 27?
9
What is the highest common divisor of 896 and 280?
56
Calculate the greatest common factor of 88 and 66.
22
What is the greatest common divisor of 2272 and 64?
32
Calculate the highest common divisor of 899 and 29.
29
Calculate the highest common divisor of 405 and 30.
15
What is the greatest common factor of 3379 and 62?
31
What is the greatest common factor of 867 and 2805?
51
What is the greatest common factor of 6 and 2774?
2
What is the greatest common divisor of 132 and 84?
12
Calculate the highest common divisor of 1000 and 15.
5
Calculate the highest common factor of 5 and 755.
5
Calculate the highest common divisor of 15 and 2.
1
Calculate the highest common factor of 258 and 12.
6
Calculate the greatest common divisor of 96 and 128.
32
What is the greatest common divisor of 16109 and 181?
181
Calculate the greatest common divisor of 228 and 172596.
228
Calculate the greatest common factor of 1416 and 24.
24
Calculate the greatest common factor of 1501 and 19.
19
What is the highest common divisor of 39234 and 78?
78
Calculate the highest common factor of 44 and 44.
44
Calculate the greatest common factor of 4752 and 88.
88
Calculate the highest common factor of 136 and 30124.
68
What is the highest common divisor of 92 and 39652?
92
What is the greatest common divisor of 4480 and 70?
70
What is the highest common divisor of 2891 and 59?
59
What is the highest common divisor of 7 and 77?
7
What is the greatest common factor of 32 and 2656?
32
What is the greatest common divisor of 2725 and 654?
109
What is the greatest common divisor of 297 and 33?
33
What is the highest common divisor of 274 and 16577?
137
What is the highest common factor of 23 and 2?
1
Calculate the highest common factor of 22 and 26906.
22
Calculate the highest common divisor of 117 and 65.
13
What is the highest common factor of 92 and 12?
4
What is the highest common divisor of 4296 and 48?
24
Calculate the greatest common divisor of 26 and 39442.
26
What is the highest common factor of 77 and 1353?
11
Calculate the greatest common factor of 56 and 1484.
28
What is the greatest common divisor of 168 and 3780?
84
What is the highest common factor of 52 and 78?
26
What is the highest common divisor of 5142 and 12?
6
What is the greatest common factor of 84 and 812?
28
Calculate the greatest common factor of 8 and 1954.
2
What is the greatest common divisor of 174 and 27?
3
What is the greatest common divisor of 123 and 1763?
41
Calculate the highest common factor of 27 and 4086.
9
What is the highest common divisor of 210 and 330?
30
Calculate the greatest common factor of 2 and 10.
2
What is the greatest common factor of 924 and 30?
6
Calculate the highest common factor of 1862 and 399.
133
What is the highest common factor of 2296 and 112?
56
Calculate the greatest common divisor of 12432 and 16.
16
What is the greatest common factor of 901 and 689?
53
Calculate the greatest common divisor of 14 and 9338.
14
What is the highest common factor of 9 and 2601?
9
Calculate the highest common divisor of 348 and 96.
12
Calculate the highest common factor of 54 and 837.
27
What is the greatest common factor of 1995 and 315?
105
Calculate the greatest common factor of 195 and 11505.
195
What is the highest common factor of 3354 and 516?
258
Calculate the highest common divisor of 1023 and 93.
93
Calculate the greatest common factor of 7971 and 9.
3
What is the greatest common divisor of 6307 and 1428?
119
Calculate the greatest common divisor of 817 and 57.
19
What is the greatest common factor of 186 and 9858?
186
What is the greatest common divisor of 72 and 7272?
72
Calculate the highest common factor of 1067 and 1164.
97
Calculate the highest common divisor of 336 and 17724.
84
What is the greatest common divisor of 12845 and 70?
35
Calculate the greatest common factor of 2490 and 15.
15
What is the highest common factor of 33 and 814?
11
Calculate the highest common divisor of 14224 and 84.
28
What is the greatest common divisor of 480 and 690?
30
Calculate the greatest common divisor of 28 and 4.
4
Calculate the greatest common divisor of 225 and 18.
9
Calculate the highest common factor of 1132 and 12.
4
Calculate the highest common factor of 110 and 385.
55
What is the highest common factor of 80 and 112?
16
What is the highest common factor of 352 and 2144?
32
What is the highest common divisor of 5508 and 36?
36
What is the highest common factor of 84 and 84?
84
What is the highest common factor of 320 and 3440?
80
What is the greatest common factor of 70 and 6?
2
What is the highest common divisor of 420 and 21?
21
What is the highest common divisor of 905 and 10?
5
Calculate the greatest common divisor of 126 and 28.
14
Calculate the greatest common factor of 33 and 231.
33
Calculate the greatest common divisor of 35 and 840.
35
What is the greatest common factor of 144 and 19728?
144
Calculate the greatest common divisor of 900 and 18.
18
Calculate the greatest common factor of 8706 and 6.
6
What is the highest common factor of 3013 and 115?
23
Calculate the highest common factor of 22 and 22.
22
What is the greatest common factor of 32 and 168?
8
Calculate the highest common divisor of 35 and 175.
35
What is the highest common factor of 244 and 1403?
61
What is the highest common divisor of 27 and 108?
27
Calculate the greatest common factor of 28305 and 17.
17
Calculate the greatest common divisor of 184 and 64.
8
What is the greatest common divisor of 4 and 13?
1
Calculate the greatest common divisor of 11032 and 112.
56
What is the highest common divisor of 24 and 64?
8
What is the greatest common factor of 26 and 65?
13
What is the greatest common divisor of 185 and 37?
37
Calculate the greatest common factor of 3636 and 108.
36
Calculate the highest common factor of 1248 and 4.
4
Calculate the highest common divisor of 12 and 762.
6
Calculate the highest common factor of 312 and 48.
24
Calculate the highest common divisor of 15402 and 204.
102
What is the highest common divisor of 333 and 37?
37
Calculate the greatest common factor of 104 and 130.
26
Calculate the greatest common divisor of 54624 and 96.
96
What is the greatest common divisor of 528 and 992?
16
What is the gre